*n - 7. Suppose 3*h = 4*h + 11. Let z = 47 + h. What is the greatest common divisor of z and i?
12
Let j(o) = -12 - 2*o + o**3 + 13 + o**2 + 0*o**3. Let h be (-2)/8*1*-4. Let v be j(h). Calculate the highest common divisor of v and 1.
1
Let m(n) = -n**2 - 17*n - 13. Let c be m(-15). Calculate the greatest common factor of 17 and c.
17
Let h(x) = 84*x + 84. Let j(t) = 13*t + 13. Let s(n) = -5*h(n) + 32*j(n). Let i be s(-6). Calculate the greatest common divisor of 180 and i.
20
Let t be 6 + (29 - (-4 + 0)). What is the highest common divisor of t and 273?
39
Let q = 12 + -9. Calculate the greatest common factor of 6 and q.
3
Suppose -4*z - 2 + 10 = 0. Let t = z + 1. What is the highest common factor of 12 and t?
3
Let a = -42 - -128. What is the greatest common divisor of a and 215?
43
Let d(l) = -l**3 + 2*l**2 + 4*l - 1. Let t be d(3). Suppose 0*p = 2*p - 48. Let f be (p/(-5))/((-3)/10). Calculate the highest common factor of t and f.
2
Let v = 133 - 13. What is the highest common factor of v and 15?
15
Let k be 8/(-20) + (-1402)/(-5). Suppose 37 + 176 = -4*o - 3*v, 5*o + k = -v. Let z = 9 - o. Calculate the highest common divisor of z and 11.
11
Let p be 5577/55 - (-3)/5. What is the greatest common divisor of 68 and p?
34
Let f be -2 - (-2 + 0) - 8/(-8). Calculate the greatest common factor of 7 and f.
1
Suppose j - 4*j + 405 = 0. Let f be (60/8)/((-1)/(-2)). Calculate the highest common divisor of f and j.
15
Let a(p) = -10*p - 2. Let c be a(-5). What is the highest common divisor of 6 and c?
6
Let x = 58 - -10. What is the highest common divisor of 51 and x?
17
Let a = -8 + 12. Calculate the highest common factor of a and 16.
4
Let p(d) = -d**3 - d**2 + 1. Let k be p(1). Let m be 2 - (1 - k - 12). Suppose -s + 10 = -2. What is the greatest common divisor of s and m?
12
Suppose 2*m + 3*w - 13 = 4*w, 0 = -3*m + w + 18. Suppose -m*b + 23 = -27. Calculate the greatest common factor of 10 and b.
10
Suppose w + 86 = 3*k - 8, 4*w = -5*k + 134. Calculate the highest common factor of k and 15.
15
Suppose 2*k - 3*k = -1. Suppose -k = -x + 17. Calculate the greatest common factor of x and 18.
18
Let p be ((-2)/3)/(4/6). Let a = p + 2. Let c = 6 - a. What is the greatest common divisor of c and 1?
1
Suppose 0 = -2*h - 2*s + 6, -6*h + 2*h + s + 32 = 0. Let l = -3 + h. What is the greatest common factor of l and 1?
1
Let z(t) = 3*t**3 - 5*t**2 + t + 5. Let f be z(4). Let u(k) = k**2 - k - 1. Let p be u(-3). What is the highest common divisor of f and p?
11
Let m = -13 - -17. Calculate the highest common factor of m and 36.
4
Suppose -7*i - 713 + 832 = 0. Let a be -136*((-2)/(-4) + -1). Calculate the greatest common factor of i and a.
17
Let k = -8 - -5. Let o be (k/(-9))/((-2)/(-12)). Let p = -6 + 8. What is the greatest common divisor of p and o?
2
Let g be (100/(-6))/(2/(-3)). Calculate the highest common factor of 5 and g.
5
Let u be (-5 - (-87)/18) + 529/6. What is the greatest common divisor of u and 8?
8
Suppose u = -0*u. Let l(z) = -z**3 + z + 14. Let r be l(u). Let h be (-3 - -1)/(2/(-7)). Calculate the highest common factor of r and h.
7
Let m(b) = b**3 + 4*b**2 - 4*b + 5. Let q be m(-5). Suppose 3*a - 2*a - 84 = q. Calculate the highest common factor of a and 21.
21
Suppose 0 = -15*s + 12*s + 105. What is the highest common factor of s and 35?
35
Let q = -1 + 7. Let v be 4/26 - 6975/(-39). Let g = -125 + v. What is the highest common divisor of g and q?
6
Suppose 4 = -3*m - 2. Let a be 3/(-6) + (-6)/4. Let d be (-13)/a + 1/m. Calculate the highest common divisor of d and 42.
6
Suppose 0 = c - 9 + 3. Suppose 2*x = -2*b + 15 + 21, 3*b + 2*x - 51 = 0. What is the greatest common divisor of c and b?
3
Suppose 12*n - 64 = 4*n. Suppose 5*b - 179 = -19. Calculate the highest common divisor of n and b.
8
Let x be 18240/48 + (5 - 2/2). Calculate the greatest common divisor of x and 24.
24
Let k(q) = q**3 - 9*q**2 + 9*q + 11. Let g be k(8). Let p = -103 - -198. Calculate the greatest common divisor of p and g.
19
Let d(s) = s**2 - 3*s + 2. Let o be ((-10)/4)/(2/(-4)). Let z be d(o). What is the highest common factor of z and 12?
12
Suppose -2*c + c + 4*l = -33, 3*l = 4*c - 145. What is the highest common factor of c and 37?
37
Let t(z) = -2*z + 10. Let n be t(6). Let u(y) = 11*y**2. Let d be u(n). Calculate the greatest common divisor of 22 and d.
22
Let j = -817 - -1895. Let y be 2/9 + j/9. Suppose 4 = 8*a - 116. What is the greatest common factor of y and a?
15
Let j be (-1 + 4/(-1))/(-1). Let l be 131/j + 1/(-5). Let t = -33 + 46. What is the greatest common divisor of l and t?
13
Suppose 1 = f + 8. Let o(t) = -t**3 - 6*t**2 + 5*t + 4. Let u be o(f). Calculate the greatest common divisor of 45 and u.
9
Let q be 4/2 + (7 - (2 - 3)). What is the highest common divisor of 10 and q?
10
Let t be ((3 - 1) + -10)*-3. What is the greatest common divisor of 3 and t?
3
Suppose -3*g - 4*l + 1 = -2*l, 0 = 5*g - 2*l - 23. Let t(m) = -m + 6. Let n be t(3). Calculate the highest common divisor of g and n.
3
Let y = 12 - 10. What is the greatest common divisor of y and 3?
1
Let v(l) = -8*l + 5. Let j be v(-5). Let a(b) = b - 7. Let h be a(14). Let d = h + 8. Calculate the highest common divisor of d and j.
15
Let w = -6 - -4. Let y = 13 + w. Calculate the greatest common factor of 33 and y.
11
Let f = 3 - -4. What is the highest common factor of 49 and f?
7
Let k = 61 + -21. What is the greatest common divisor of 60 and k?
20
Suppose -5*v - 25 = -0*v. Let m(w) = w**2 + 5*w + 1. Let g be m(v). Let k(q) = -q + 13. Let n be k(6). What is the greatest common divisor of g and n?
1
Suppose 5*p = 2*w - 5*w - 7, w - 5*p - 31 = 0. Let z(a) = 2*a - 4. Let x be z(w). Suppose 352 = -24*t + 28*t. What is the greatest common factor of x and t?
8
Let j be (-2)/(-8)*112/4. Let r be (2 - 4)*14/(-4). What is the highest common divisor of j and r?
7
Suppose -3*n + 18 - 5 = u, -4*u - 4 = -2*n. Calculate the greatest common divisor of n and 16.
4
Suppose -2*x - 5 - 7 = 0. Let t = x - -11. Suppose 5*d = m - 30, 0 = 3*m + 2*d + d - 126. Calculate the highest common factor of m and t.
5
Let f be (9 + 27)*(-21)/(-2). What is the highest common divisor of f and 42?
42
Let j = 71 + -45. Suppose 0 = 2*l - z - j, -3*z + 2*z = -4*l + 56. Calculate the highest common factor of l and 6.
3
Suppose 0*z = -2*z + 14. What is the highest common divisor of 63 and z?
7
Suppose 0 = 2*z - 4 - 20. Let p be 28/z*3 + -1. What is the highest common divisor of 54 and p?
6
Let v = 3 + 0. Let r be 232 + v/3 + -2. Suppose 3*m = -8 + 71. Calculate the highest common factor of m and r.
21
Let v(d) = -95*d. Let i be v(-1). Calculate the highest common divisor of 19 and i.
19
Suppose 3*s - 4*s + 4 = 0. Let d(t) = 3*t - 4. Let i be d(s). What is the greatest common divisor of i and 20?
4
Suppose -4*f + 0*f = -28. Suppose 0 = f*o - 3*o - 120. What is the highest common divisor of o and 10?
10
Let f(y) = -40*y - 16 + 16*y + 20. Let g be f(-2). What is the greatest common divisor of 13 and g?
13
Suppose -4*a + 346 = 5*i, 4*a - 3*i - 266 = 64. Let x be (-2 - 0)/((-1)/20). Suppose 5*d = 20 + x. What is the highest common divisor of d and a?
12
Let p(r) = r**3 - 7*r**2 + 9*r - 9. Let u be p(6). What is the highest common divisor of 99 and u?
9
Let m(z) = 10*z - 4. Let h be m(4). What is the greatest common factor of h and 24?
12
Suppose 2*d = -4, 0 = 5*t - 4*d - 90 + 12. What is the greatest common factor of 98 and t?
14
Suppose q + 1330 = 5*j, -3*j - 4*q - 1345 = -8*j. Let v be j/25 + 6/(-10). Let l be (4/(-3))/((-4)/30). What is the highest common factor of l and v?
10
Let p(r) = r**2 + 6*r. Let c be p(-6). Let t = 7 - c. Calculate the greatest common divisor of t and 1.
1
Suppose -4*l = 13 - 157. Calculate the greatest common divisor of l and 108.
36
Let f be (-994)/(-22) + -6*(-2)/(-66). What is the highest common factor of 18 and f?
9
Suppose 4*c + 2*z - 6*z = -20, 5*c - 11 = -4*z. Suppose 0 = d + 4*d + 60. Let t = c - d. What is the highest common factor of t and 11?
11
Let d be -33*(-4)/(4 + -2). What is the highest common divisor of d and 44?
22
Let a = -2 + 5. Let x be ((-3)/(-5))/(12/60). Calculate the highest common factor of x and a.
3
Let k(i) = 3*i**3 + 3*i**2 + 3*i + 3. Suppose -5*h + 0 = 10. Let n be k(h